{"id":170,"date":"2024-01-18T20:34:57","date_gmt":"2024-01-18T20:34:57","guid":{"rendered":"http:\/\/marcney.com\/?page_id=170"},"modified":"2024-01-18T21:17:02","modified_gmt":"2024-01-18T21:17:02","slug":"bio-pl","status":"publish","type":"page","link":"https:\/\/marcney.com\/?page_id=170","title":{"rendered":"bio\/PL"},"content":{"rendered":"\n<p>Z zawodu jestem projektantem, absolwentem Wydzia\u0142u Form Przemys\u0142owych Akademii Sztuk Pi\u0119knych w Krakowie, dyplom w Katedrze Przestrzeni i Barwy obroni\u0142em w 2004 roku, moja praca \u201eKultura sto\u0142u\u201d by\u0142a prezentowana na wystawie prac dyplomowych w Towarzystwie Przyjaci\u00f3\u0142 Sztuk Pi\u0119knych w Krakowie i otrzyma\u0142a wyr\u00f3\u017cnienie. W latach 2006-2016 zajmowa\u0142em si\u0119 dydaktyk\u0105 na stanowisku asystenta w rodzimej uczelni oraz na architekturze wn\u0119trz w katowickiej WST; prowadzi\u0142em w\u0142asn\u0105 galeri\u0119 Arsene Galeria Wiatrak w latach 2011-13 w kt\u00f3rej organizowa\u0142em wystawy performance i instalacje, obecnie zajmuj\u0119 si\u0119 projektowaniem, oraz asambla\u017cem, malarstwem i instalacj\u0105.<\/p>\n","protected":false},"excerpt":{"rendered":"<p>Z zawodu jestem projektantem, absolwentem Wydzia\u0142u Form Przemys\u0142owych Akademii Sztuk Pi\u0119knych w Krakowie, dyplom w&#8230;<\/p>\n","protected":false},"author":1,"featured_media":0,"parent":0,"menu_order":0,"comment_status":"closed","ping_status":"closed","template":"","meta":{"footnotes":""},"class_list":["post-170","page","type-page","status-publish","hentry"],"_links":{"self":[{"href":"https:\/\/marcney.com\/index.php?rest_route=\/wp\/v2\/pages\/170"}],"collection":[{"href":"https:\/\/marcney.com\/index.php?rest_route=\/wp\/v2\/pages"}],"about":[{"href":"https:\/\/marcney.com\/index.php?rest_route=\/wp\/v2\/types\/page"}],"author":[{"embeddable":true,"href":"https:\/\/marcney.com\/index.php?rest_route=\/wp\/v2\/users\/1"}],"replies":[{"embeddable":true,"href":"https:\/\/marcney.com\/index.php?rest_route=%2Fwp%2Fv2%2Fcomments&post=170"}],"version-history":[{"count":2,"href":"https:\/\/marcney.com\/index.php?rest_route=\/wp\/v2\/pages\/170\/revisions"}],"predecessor-version":[{"id":174,"href":"https:\/\/marcney.com\/index.php?rest_route=\/wp\/v2\/pages\/170\/revisions\/174"}],"wp:attachment":[{"href":"https:\/\/marcney.com\/index.php?rest_route=%2Fwp%2Fv2%2Fmedia&parent=170"}],"curies":[{"name":"wp","href":"https:\/\/api.w.org\/{rel}","templated":true}]}}

<p>Z zawodu jestem projektantem, absolwentem Wydziału Form Przemysłowych Akademii Sztuk Pięknych w Krakowie, dyplom w Katedrze Przestrzeni i Barwy obroniłem w 2004 roku, moja praca „Kultura stołu” była prezentowana na wystawie prac dyplomowych w Towarzystwie Przyjaciół Sztuk Pięknych w Krakowie i otrzymała wyróżnienie. W latach 2006-2016 zajmowałem się dydaktyką na stanowisku asystenta w rodzimej uczelni oraz na architekturze wnętrz w katowickiej WST; prowadziłem własną galerię Arsene Galeria Wiatrak w latach 2011-13 w której organizowałem wystawy performance i instalacje, obecnie zajmuję się projektowaniem, oraz asamblażem, malarstwem i instalacją.</p>

<p>Z zawodu jestem projektantem, absolwentem Wydziału Form Przemysłowych Akademii Sztuk Pięknych w Krakowie, dyplom w&#8230;</p>
